r when 6061692 is divided by 1472?
1468
What is the remainder when 3205605 is divided by 110?
95
Calculate the remainder when 1256034 is divided by 1022.
1018
What is the remainder when 74225501 is divided by 131?
115
What is the remainder when 2828043 is divided by 1414017?
9
What is the remainder when 12327550 is divided by 261?
259
What is the remainder when 91556 is divided by 137?
40
What is the remainder when 1538965 is divided by 125?
90
Calculate the remainder when 1673438 is divided by 209178.
14
Calculate the remainder when 909576 is divided by 1419.
1416
What is the remainder when 5701603 is divided by 619?
613
What is the remainder when 8141 is divided by 993?
197
Calculate the remainder when 22837582 is divided by 1336.
1334
What is the remainder when 56360478 is divided by 1760?
1758
What is the remainder when 4523984 is divided by 1732?
0
Calculate the remainder when 5418477 is divided by 1354617.
9
What is the remainder when 4571718 is divided by 238?
214
Calculate the remainder when 23664245 is divided by 23664231.
14
What is the remainder when 21300337 is divided by 131?
130
Calculate the remainder when 188410 is divided by 1388.
1030
What is the remainder when 3181340 is divided by 13146?
8
What is the remainder when 533228 is divided by 177721?
65
Calculate the remainder when 2993625 is divided by 70.
5
What is the remainder when 11180095 is divided by 802?
215
Calculate the remainder when 5584180 is divided by 2536.
2444
What is the remainder when 2061517 is divided by 613?
611
Calculate the remainder when 114202896 is divided by 4239.
4236
Calculate the remainder when 8439474 is divided by 85.
79
What is the remainder when 39150045 is divided by 238?
235
What is the remainder when 17589341 is divided by 2198666?
13
Calculate the remainder when 32604911 is divided by 1368.
1367
What is the remainder when 2638431 is divided by 1672?
15
What is the remainder when 25980853 is divided by 8660278?
19
Calculate the remainder when 1464510 is divided by 863.
862
What is the remainder when 30739 is divided by 243?
121
Calculate the remainder when 439481915 is divided by 7.
5
What is the remainder when 740915 is divided by 597?
38
What is the remainder when 29966705 is divided by 62?
59
Calculate the remainder when 77214 is divided by 15438.
24
Calculate the remainder when 7084 is divided by 765.
199
Calculate the remainder when 64202 is divided by 350.
152
What is the remainder when 1334068 is divided by 243?
241
Calculate the remainder when 2738256 is divided by 76.
52
Calculate the remainder when 1848821 is divided by 257.
220
What is the remainder when 8948 is divided by 7431?
1517
Calculate the remainder when 4303167 is divided by 698.
695
What is the remainder when 5259682 is divided by 19?
7
What is the remainder when 33945 is divided by 477?
78
What is the remainder when 1507626 is divided by 226?
206
What is the remainder when 1784062 is divided by 139?
136
Calculate the remainder when 1525058 is divided by 203.
122
What is the remainder when 4512935 is divided by 752155?
5
Calculate the remainder when 2934887 is divided by 37.
10
Calculate the remainder when 17549905 is divided by 11.
10
What is the remainder when 1752463 is divided by 56531?
2
Calculate the remainder when 39842 is divided by 2331.
215
Calculate the remainder when 5904408 is divided by 387.
336
What is the remainder when 580193 is divided by 140?
33
Calculate the remainder when 191185780 is divided by 63728591.
7
Calculate the remainder when 13827 is divided by 2053.
1509
What is the remainder when 2420546 is divided by 214?
206
What is the remainder when 12855113 is divided by 298?
287
Calculate the remainder when 124324 is divided by 716.
456
What is the remainder when 696586 is divided by 221?
215
What is the remainder when 1325586 is divided by 2907?
2901
Calculate the remainder when 748029 is divided by 2.
1
Calculate the remainder when 195773 is divided by 1709.
947
Calculate the remainder when 67567 is divided by 680.
247
What is the remainder when 13240298 is divided by 100?
98
Calculate the remainder when 96616 is divided by 15642.
2764
What is the remainder when 113580 is divided by 6584?
1652
What is the remainder when 2944696 is divided by 736170?
16
Calculate the remainder when 234440 is divided by 985.
10
Calculate the remainder when 648401 is divided by 306.
293
Calculate the remainder when 415672 is divided by 97.
27
Calculate the remainder when 278189 is divided by 25259.
340
Calculate the remainder when 1828842 is divided by 331.
67
Calculate the remainder when 8970773 is divided by 87093.
194
Calculate the remainder when 30599385 is divided by 31.
29
Calculate the remainder when 2572923 is divided by 1249.
1232
What is the remainder when 11535306 is divided by 2883822?
18
Calculate the remainder when 149847 is divided by 4404.
111
Calculate the remainder when 4082108 is divided by 509.
437
What is the remainder when 7217204 is divided by 449?
427
Calculate the remainder when 7392836 is divided by 56.
52
What is the remainder when 177542 is divided by 177477?
65
Calculate the remainder when 1463436 is divided by 10093.
10044
Calculate the remainder when 460990 is divided by 536.
30
What is the remainder when 7162971 is divided by 522?
87
Calculate the remainder when 2960912 is divided by 5241.
4988
What is the remainder when 21217496 is divided by 843?
29
Calculate the remainder when 15076234 is divided by 4189.
23
What is the remainder when 152475 is divided by 2535?
375
What is the remainder when 1899725 is divided by 908?
189
What is the remainder when 48084370 is divided by 62?
22
Calculate the remainder when 1487258 is divided by 2538.
2528
What is the remainder when 18521948 is divided by 8221?
35
What is the remainder when 11718507 is divided by 106?
101
Calculate the remainder when 687827 is divided by 55.
52
Calculate the remainder when 61949422 is divided by 12389883.
7
Calculate the remainder when 3370500 is divided by 1963.
29
Calculate the remainder when 6392923 is divided by 2130968.
19
Calculate the remainder when 174632 is divided by 447.
302
What is the remainder when 82251 is divided by 3991?
2431
Calculate the remainder when 252609 is divided by 252470.
139
Calculate the remainder when 20727941 is divided by 203215.
11
Calculate the remainder when 1114804 is divided by 1254.
1252
Calculate the remainder when 51131 is divided by 786.
41
What is the remainder when 443937 is divided by 306?
237
Calculate the remainder when 3331718 is divided by 511.
509
Calculate the remainder when 14155 is divided by 3432.
427
What is the remainder when 159864 is divided by 17627?
1221
Calculate the remainder when 5207397 is divided by 2603594.
209
Calculate the remainder when 63020 is divided by 201.
107
What is the remainder when 50402 is divided by 9590?
2452
What is the remainder when 2401483354 is divided by 15156?
15154
Calculate the remainder when 2946093 is divided by 258.
249
What is the remainder when 4672574 is divided by 5146?
6
Calculate the remainder when 36893 is divided by 4609.
21
Calculate the remainder when 713604 is divided by 1966.
1912
Calculate the remainder when 421909 is divided by 319.
191
Calculate the remainder when 590834 is divided by 12570.
44
What is the remainder when 250175 is divided by 268?
131
What is the remainder when 4824611 is divided by 745?
736
What is the remainder when 186469464 is divided by 46617363?
12
Calculate the remainder when 2508999 is divided by 1506.
3
Calculate the remainder when 14868927 is divided by 1898.
1893
Calculate the remainder when 396985 is divided by 157.
89
Calculate the remainder when 292928 is divided by 384.
320
Calculate the remainder when 5456045 is divided by 495993.
122
Calculate the remainder when 577328 is divided by 9463.
85
Calculate the remainder when 4440439 is divided by 389.
4
Calculate the remainder when 13560 is divided by 12405.
1155
Calculate the remainder when 53512 is divided by 719.
306
What is the remainder when 3763593 is divided by 51?
48
What is the remainder when 11545976 is divided by 1973?
1953
What is the remainder when 116113026 is divided by 213?
123
Calculate the remainder when 119441 is divided by 9288.
7985
Calculate the remainder